2 - 9*s - 6. Give q(-5).
-61
Let h(s) = s**3 + 3*s**2 - 12*s - 2. Give h(-6).
-38
Let o(f) = -f**2 - 8*f - 6. What is o(-7)?
1
Let m(a) = -a - 1. Give m(-2).
1
Let r(v) = 4*v**2 - 22*v - 8. Calculate r(6).
4
Let n(a) = -11*a - 43. Give n(-4).
1
Let t(l) = -3*l + 46. What is t(12)?
10
Let z(c) = -2*c**3 + 3*c - 3. Determine z(2).
-13
Let s(o) = 11*o**3 - o**2 + 1. Calculate s(1).
11
Let s(h) = -h**2 - 3*h + 4. Calculate s(-5).
-6
Let p(v) = 4*v + 3. Give p(-9).
-33
Let b(t) = -t**3 + 8*t**2 - 8*t - 6. Give b(7).
-13
Let r(v) = 9*v - 3. Determine r(4).
33
Let w(d) = -d**3 - 9*d**2 - 9*d - 4. Determine w(-8).
4
Let i(m) = m**2 - m. What is i(2)?
2
Let z(d) = -d**2 + 9*d + 10. What is z(10)?
0
Let c(h) = h**2 + 104*h - 672. Determine c(6).
-12
Let o(s) = 11*s**2 + 2*s - 2. Give o(1).
11
Let t(l) = -l**2 - 19*l - 83. Calculate t(-13).
-5
Let u(c) = c**2 + 28*c - 75. What is u(-30)?
-15
Let s(o) = o**2 - 2*o - 3. What is s(3)?
0
Let g(b) = 3*b**2 - 23*b - 45. Calculate g(-2).
13
Let n(m) = 4*m + 82. Calculate n(-26).
-22
Let k(y) = -y**2 + 6*y + 7. Give k(7).
0
Let u(m) = -4*m**3 - 2*m**2 + m + 2. Determine u(-2).
24
Let s(t) = -28*t - 393. What is s(-14)?
-1
Let f(p) = -8*p**2 - 2*p + 1. What is f(-2)?
-27
Let o(c) = -c - 6. Determine o(0).
-6
Let g(f) = -f**2 + 16*f - 15. Determine g(10).
45
Let v(w) = -3*w**3 - 31*w**2 - 7*w - 19. Determine v(-10).
-49
Let j(w) = 5*w - 9. Determine j(9).
36
Let m(t) = -2*t + 1. Calculate m(6).
-11
Let o(x) = -x**2 + 7*x + 16. Determine o(9).
-2
Let c(t) = 3*t - 18. What is c(6)?
0
Let q(o) = 22*o**2 - 9*o. Calculate q(1).
13
Let p(z) = 2*z**3 - 5*z**2 - 3*z + 4. Determine p(4).
40
Let a(k) = -4*k + 11. What is a(-6)?
35
Let o(b) = -b**2 + 13*b - 14. Calculate o(12).
-2
Let y(c) = c**2 - 10*c + 25. What is y(6)?
1
Let v(b) = -b**3 - 5*b**2 - 4*b - 1. Calculate v(-3).
-7
Let n(r) = r**2 - 2*r - 16. Give n(5).
-1
Let m(w) = 4*w + 11. Determine m(-5).
-9
Let x(w) = 4*w - 192. What is x(36)?
-48
Let y(m) = 2*m - 8. Calculate y(0).
-8
Let z(a) = a**3 + 19*a**2 + 21*a + 37. Determine z(-18).
-17
Let i(l) = l**3 + 11*l**2 + 12*l + 20. Calculate i(-10).
0
Let q(o) = o**2 - 5*o + 12. Calculate q(5).
12
Let f(p) = -3*p - 5. Give f(12).
-41
Let f(t) = t**3 - 35*t**2 - 34*t - 66. Calculate f(36).
6
Let t(d) = d**2 + 4*d + 2. What is t(-1)?
-1
Let b(p) = 5*p + 14. Calculate b(-6).
-16
Let i(m) = m**2 + 10*m + 13. Calculate i(-9).
4
Let d(p) = -58*p + 56. Give d(1).
-2
Let q(d) = -d**2 - 5*d + 16. What is q(-7)?
2
Let f(q) = -6*q**2 + 6*q - 12. What is f(7)?
-264
Let x(o) = -5*o**2 + o - 1. Calculate x(-2).
-23
Let a(x) = 3*x**2 + x - 22. What is a(0)?
-22
Let x(l) = l**3 + 6*l**2 - 8*l - 8. Determine x(-7).
-1
Let a(x) = x + 17. Determine a(-5).
12
Let y(u) = -u**2 - 20*u + 521. Calculate y(15).
-4
Let x(p) = -p**3 + 3*p**2 - 4*p + 22. Determine x(3).
10
Let f(g) = 3*g**3 - 8*g**2 + 3*g - 1. Determine f(2).
-3
Let z(k) = 10*k**3 + 1. Give z(-1).
-9
Let d(g) = -g**3 + g**2 - 3*g - 2. Calculate d(-2).
16
Let w(o) = o**2 + 16*o + 4. What is w(-13)?
-35
Let s(v) = 2*v + 16. Give s(0).
16
Let r(x) = -20*x - 243. Give r(-12).
-3
Let s(d) = d**2 + 14*d - 10. Give s(-11).
-43
Let f(n) = -3*n**3 - n**2. Give f(1).
-4
Let z(t) = -2*t - 4. What is z(0)?
-4
Let q(p) = 69*p + 2. Calculate q(-1).
-67
Let b(o) = -38*o - 576. What is b(-15)?
-6
Let w(f) = -38*f - 8. Give w(-1).
30
Let d(w) = 4*w - 16. Give d(5).
4
Let f(m) = -2*m - 14. Determine f(2).
-18
Let j(p) = -2*p + 20. Determine j(8).
4
Let k(x) = 28*x**2 - 3*x - 3. Calculate k(-1).
28
Let g(i) = -8*i**2 + 54*i + 21. Determine g(7).
7
Let b(l) = l - 3. Determine b(5).
2
Let a(h) = 10*h + 173. Give a(-16).
13
Let x(n) = 5*n - 5. What is x(5)?
20
Let w(a) = -a**3 - a**2 + 6*a + 3. Give w(0).
3
Let v(p) = 12*p + 26. Calculate v(6).
98
Let k(i) = 3*i**2 - 6*i - 3. Calculate k(6).
69
Let m(i) = 117*i**3 - 3*i**2 + 1. What is m(1)?
115
Let n(v) = v**3 - 4*v**2 + 3*v - 1. What is n(2)?
-3
Let l(p) = -3*p - 3. Determine l(-4).
9
Let j(r) = -2*r - 2. Determine j(-1).
0
Let n(c) = -c + 13. Determine n(-20).
33
Let a(m) = -m**2 + m + 4. What is a(4)?
-8
Let v(k) = k**2 - 8*k + 15. Give v(4).
-1
Let f(a) = -a**3 - 12*a**2 + 16*a + 22. What is f(-13)?
-17
Let y(t) = -15*t**2 - t + 2. What is y(-1)?
-12
Let z(m) = -m + 10. What is z(4)?
6
Let v(s) = s**3 + 5*s**2 - 4*s + 26. Determine v(-6).
14
Let m(g) = 3*g**3 + 4*g**2 - 3*g + 4. Determine m(2).
38
Let m(f) = -f + 10. Calculate m(16).
-6
Let n(w) = w**2 + 15*w - 155. Give n(7).
-1
Let w(x) = -14*x + 1. Determine w(1).
-13
Let j(p) = -p**3 - 9*p**2 + 13*p + 9. Calculate j(-11).
108
Let t(x) = -x**3 + 2*x**2 - 8*x + 8. Give t(2).
-8
Let p(c) = -2*c + 32. Calculate p(-15).
62
Let l(z) = 60*z + 1. Calculate l(-1).
-59
Let f(m) = -m**3 - 2*m**2 + 16*m + 29. Give f(-5).
24
Let o(s) = 3*s - 89. Calculate o(25).
-14
Let s(z) = -z**2 - 11*z + 10. Determine s(-12).
-2
Let l(p) = p**2 + 12*p + 12. Give l(-11).
1
Let h(z) = -z**2 - 13*z - 16. Give h(-12).
-4
Let b(k) = -k**2 - 8*k + 9. What is b(-9)?
0
Let q(z) = 5*z - 70. What is q(15)?
5
Let q(s) = 2*s**2 + 8*s. Determine q(-4).
0
Let y(p) = -p + 1. Calculate y(7).
-6
Let h(c) = -17*c**2 + 2*c + 3. Give h(-1).
-16
Let a(k) = 11*k + 60. What is a(-6)?
-6
Let k(r) = r - 28. What is k(16)?
-12
Let h(l) = 40*l + 726. Give h(-18).
6
Let o(q) = -q**2 + 7*q - 10. Determine o(4).
2
Let i(m) = 38*m**3 - 3*m**2 + 2*m + 4. Determine i(-1).
-39
Let j(x) = -x**2 - x - 7. Give j(-4).
-19
Let r(x) = x**3 - 4*x**2 - x - 17. Calculate r(5).
3
Let i(g) = 3*g + 10. Give i(-18).
-44
Let g(b) = 7*b + 47. Give g(-8).
-9
Let j(s) = -5*s - 17. Determine j(34).
-187
Let t(o) = -2*o**2 + 13*o + 165. Calculate t(13).
-4
Let a(b) = -37*b**2 + 2*b + 3. Give a(-1).
-36
Let w(d) = 12*d - 140. Calculate w(9).
-32
Let c(k) = -k**2 + 4*k + 4. Calculate c(7).
-17
Let a(h) = -h**3 - 2*h**2 - 9*h - 15. What is a(-2)?
3
Let d(h) = 13*h**2 + 181*h - 18. Give d(-14).
-4
Let z(w) = 6*w**2 - 5*w - 4. Give z(-1).
7
Let c(o) = -o**2 - 12*o + 9. Calculate c(-8).
41
Let m(k) = -k**2 - 15*k - 24. Determine m(-18).
-78
Let q(s) = -s**2 - 7*s + 12. Calculate q(3).
-18
Let o(u) = u**3 + 13*u**2 - 32*u - 8. Give o(-15).
22
Let r(v) = -2*v + 29. What is r(15)?
-1
Let w(v) = 2*v**3 - 3*v**2 - 2*v + 1. Calculate w(3).
22
Let u(h) = 17*h**2. Give u(-1).
17
Let b(q) = -10*q - 1. What is b(-1)?
9
Let o(h) = h**3 + 6*h**2 - h - 8. What is o(-6)?
-2
Let i(m) = -9*m**2 - 8*m + 22. Calculate i(4).
-154
Let n(i) = i**2 + 4*i - 1. Calculate n(-7).
20
Let m(z) = 5*z - 22. Calculate m(7).
13
Let p(j) = j**3 + 7*j**2 + 3*j + 5. What is p(-7)?
-16
Let c(n) = -n - 28. Calculate c(0).
-28
Let l(v) = -v**3 + 2*v**2 + v - 1. Calculate l(0).
-1
Let f(n) = n**3 + 4*n**2 + 3. Calculate f(-4).
3
Let j(v) = v**2 - 10*v + 3. Give j(9).
-6
Let v(r) = 19*r - 462. Give v(24).
-6
Let b(s) = 2*s**2 + s - 4. Determine b(-2).
2
Let r(z) = -2*z**2 - 8*z + 18. Calculate r(-9).
-72
Let z(b) = -6*b + 6. What is z(4)?
-18
Let m(d) = -7*d + 9. Determine m(7).
-40
Let w(n) = n**3 - 11*n**2 + 4*n - 25. Calculate w(11).
19
Let r(k) = 8*k - 93. What is r(12)?
3
Let s(w) = -w**3 - 10*w**2 + 24*w - 9. Give s(-12).
-9
Let m(n) = -30*n + 5. Give m(0).
5
Let j(x) = 3*x - 59. Give j(19).
-2
Let y(v) = v**3 - 9*v**2 + 14*v + 3. Give y(7).
3
Let l(c) = -2*c + 4. What is l(-6)?
16
Let s(w) = 2*w**3 - 6*w**2 + 5. What is s(5)?
105
Let x(d) = -2*d + 4. Determine x(3).
-2
Let a(p) = -15*p - 81. Calculate a(-6).
9
Let h(p) = -2*p**3 - 4*p**2 - 14*p - 12. Give h(-3).
48
Let v(t) = t**3 - t**2 + 3*t - 46. Determine v(0).
-46
Let d(v) = 76*v**2 + 2. What is d(-1)?
78
Let x(z) = -z**2 + 11*z - 12. Give x(10).
-2
Let g(k) = 11*k**3 + 2*k + 3. Give g(-1).
-10
Let y(l) = 4*l + 1. What is y(-5)?
-19
Let i(m) = 6*m + 1. Determine i(-4).
-23
Let b(k) = -k**2 - 5*k - 5. Determine b(-4).
-1
Let p(x) = 4*x**2 + 40*x + 2. What is p(-10)?
2
Let o(l) = l**2 - 5*l - 6. Give o(6).
0
Let v(i) = 2*i - 14. Give v(9).
4
Let c(k) = -35*k - 67. Give c(-2).
3
Let m(a) = -a + 5. Give m(5).
0
Let i(w) = -w**2 - 5*w + 5. Determine i(-5).
5
Let t(r) = -r**2 - 42. What is t(0)?
-42
Let z(a) = -a**2 + 26*a - 20. Calculate z(23).
49
Let l(n) = -n. Give l(13).
-13
Let z(d) = d**2 - 3*d - 15. Determine z(-7).
55
Let t(m) = m**2 + 10*m - 42